 = w. Suppose 2*v + t = 6*v. Calculate the remainder when 41 is divided by v.
13
Let j(x) = x + 20. Calculate the remainder when j(-7) is divided by 4.
1
Let q = -36 + 68. What is the remainder when q is divided by 11?
10
Let f(j) = 8*j - 1. Suppose -2*w - 2 = 2*s, 2*s = -2*w - s - 5. What is the remainder when 58 is divided by f(w)?
13
Let l(z) = -2*z**3 - 9*z**2 - 5*z + 2. What is the remainder when 22 is divided by l(-4)?
4
Let m be 4/(-18) + 418/18. Let f = 41 - m. What is the remainder when 52 is divided by f?
16
Let i = -10 - -18. Calculate the remainder when i is divided by 4.
0
Suppose 2*j + 144 = 4*f + 6*j, 0 = -f - 4*j + 33. Let i = 108 - 51. Suppose -i = -0*l - 3*l. What is the remainder when f is divided by l?
18
Let y(v) = -18*v - 6. What is the remainder when 22 is divided by y(-1)?
10
What is the remainder when 88 is divided by 69*(-1 + (-8)/(-6))?
19
Suppose 2*l - 112 = -2*l. Let c = 170 + -115. Calculate the remainder when c is divided by l.
27
Suppose -15 = -2*a + 9. Suppose 4*n = m - a, 4*n = -2*m - 0*m. Calculate the remainder when 5 is divided by m.
1
Let u(w) = 2*w - 6. Let m be u(0). What is the remainder when 3*m/45*-70 is divided by 15?
13
Suppose -2*x - s + 87 = 0, -2*x - 3*s + 4*s = -85. Calculate the remainder when x is divided by 23.
20
Suppose -a = -2*i + 39, -5*i + 4*i + 2*a = -27. What is the remainder when i is divided by 6?
5
Let j(v) = -v**2 + 6*v - 2. What is the remainder when j(5) is divided by 3?
0
Let x(g) = g**3 - 4*g**2 - 7*g + 7. What is the remainder when 108 is divided by x(6)?
34
Let z = 3 + 3. Suppose -2*q + 4 + 28 = 0. Calculate the remainder when q is divided by z.
4
Suppose 15*i - 12*i = 48. Calculate the remainder when 32 is divided by i.
0
Let z = -59 - -106. Calculate the remainder when z is divided by 24.
23
Let t = -32 + 47. What is the remainder when ((-4)/(-6))/((-4)/(-162)) is divided by t?
12
Let h(t) = -t**3 - 6*t**2 + 3. Let n be h(-3). Let u be (-2)/(-7) - n/14. Suppose 0 = u*w - 50 - 0. Calculate the remainder when w is divided by 13.
12
Suppose 2*a + 54 = 2*q - a, -94 = -3*q - 2*a. Calculate the remainder when 111 is divided by q.
21
What is the remainder when (106/(-4))/(4/(-8)) is divided by 27?
26
Let h be (-6)/(-1 - 2/(-6)). Let r(g) = 5*g - 20. What is the remainder when r(h) is divided by 14?
11
Suppose 0 = -3*x + 130 - 82. What is the remainder when 62 is divided by x?
14
Let l be (4 - 2)/((-2)/(-8)). Suppose -7*v - 3 = -l*v. What is the remainder when 13 is divided by v?
1
Let r = -5 + -4. Let u(a) = a**2 + 6*a - 13. What is the remainder when 41 is divided by u(r)?
13
Let a = 38 + -18. Suppose 2*m = -5*h + 128, -3*h - 2*m = -3*m - 79. Suppose 4*q + a = 0, q = g - 3 - h. Calculate the remainder when 71 is divided by g.
23
Let s(q) = -3*q**2 - 2*q - 1. Let x be s(-2). What is the remainder when 70 is divided by (-112)/(-6) - (-6)/x?
16
Suppose -d = -2*d + 5*t - 6, -2*d + 12 = 2*t. Let z be 1/((d/42)/2). What is the remainder when z + 4 + (-1)/1 is divided by 13?
11
Suppose -2*k - 18 = -3*k. Suppose 0 = -j + 3*u - 7, -15 = j + 4*j - 5*u. Let h(o) = -35*o**3 - o**2 + o + 1. Calculate the remainder when h(j) is divided by k.
16
Let v be ((-19)/(-3))/((-5)/15). Let j = -14 - v. What is the remainder when j is divided by 4?
1
Let a(d) = d**2 - 3*d - 9. Calculate the remainder when a(-6) is divided by 91/4 + 8/32.
22
Suppose -25*a - 75 = -28*a. What is the remainder when 47 is divided by a?
22
Suppose -5*z + 100 = d, -z + 2*d = -8 - 23. What is the remainder when z is divided by 12?
9
Let n = 12 - -16. Let i(p) = 3*p**2 + 5*p + 3. Let d be i(-3). Suppose -o = -6*o + 3*q + 35, q - d = -o. What is the remainder when n is divided by o?
8
Let u(g) = g**2 - 2*g + 14. Suppose -3*i + 9 = 0, f + 28 = 4*i + 71. What is the remainder when f is divided by u(0)?
13
Suppose 5*r - 45 = 150. Calculate the remainder when r is divided by 14.
11
Let w = 65 + 0. Suppose l + 4*l - w = 0. Suppose 0*a = 5*a - 125. Calculate the remainder when a is divided by l.
12
Let p(y) = y + 2. What is the remainder when 18 is divided by p(8)?
8
Let z be 2 - (0/(-1) + 0). Suppose 0 = 3*j - 7 - z. Suppose 29 = 2*r - j. What is the remainder when 31 is divided by r?
15
Let u(h) = 6*h**2 - h + 1. Suppose 4 + 2 = 3*i. Calculate the remainder when 67 is divided by u(i).
21
Let z = 12 + 47. Calculate the remainder when z is divided by 1 + -1 - (-18 - 2).
19
Let w = -4 - -6. Let f be w/6 - 2/6. Suppose f = 2*b - 54 + 8. Calculate the remainder when b is divided by 8.
7
Suppose 3*l + l = 0. Suppose -v + l*v = -31. Let r(w) = -w**3 + 11*w**2 + 13*w - 1. What is the remainder when v is divided by r(12)?
9
Let z(q) = -3*q - 11. Let a be z(-5). Suppose 1 = g - a, 0 = -j - g + 18. What is the remainder when 64 is divided by j?
12
Let y be 69/2*4/(-3). Let x = y - -69. What is the remainder when x is divided by 12?
11
Suppose 0 = 4*n - 5 - 7. What is the remainder when 7 is divided by n?
1
Let h(v) = -2*v - 1 - v**2 + 2 - 2*v**3 + 0*v**3. Calculate the remainder when -4 + 0 + 55 - 2 is divided by h(-2).
15
Let o(l) = l - 12. What is the remainder when 6 is divided by o(16)?
2
Let w(a) = a**3 + 4*a**2 - a + 7. Let b be w(-5). Let n = 30 + b. Calculate the remainder when n is divided by 9.
8
Let n(j) = j**3 - 7*j**2 + 8*j + 1. Suppose 17 = 4*o - 11. Calculate the remainder when n(6) is divided by o.
6
Let b = -8 - -12. Calculate the remainder when 2/8 + 3/b is divided by 1.
0
Let m = -15 - -8. Suppose -17 = -5*g - 3*n, -4*n - 3 = -5*g + 21. What is the remainder when (-51)/(-7) + 2/m is divided by g?
3
Suppose 2*s + s - 15 = 0. Let a(y) = 9*y - 5. Let k be a(s). Suppose 3*n - 55 = -5*p, -p + 3*n - 11 + k = 0. Calculate the remainder when p is divided by 8.
6
Let d be (2 - 1)/(2/(-78)). Let t(r) = -13*r. What is the remainder when (-5)/((-15)/(-6)) - d is divided by t(-1)?
11
Let j(m) = m**2 - 8*m. Let v be j(8). Suppose v*h - 245 = -5*h. Calculate the remainder when h is divided by 25.
24
Suppose -2*p = 3*r + 2*r - 60, 3*r = -4*p + 106. Calculate the remainder when p is divided by 14 + 4/8*-1*2.
12
Let w be 6/(-15) + (-18)/5. Let n = w + 10. Let f = n - -9. What is the remainder when f is divided by 9?
6
Suppose -39*l = -37*l - 334. Calculate the remainder when l is divided by 43.
38
Calculate the remainder when 91 is divided by (6 - (-2)/(-1)) + 19.
22
Let i(r) = -r + 1. Let g be i(-3). Let z be 6/g*4/(-6). Let d = z - -2. Calculate the remainder when 2 is divided by d.
0
Suppose 5*z - 92 = -12. What is the remainder when z is divided by 7?
2
Let h(r) = r + 20. What is the remainder when 23 is divided by h(-14)?
5
Let p(d) = 6*d + 2. Calculate the remainder when (-1)/(2/(-4)) + 36 is divided by p(3).
18
Let l = -5 - -7. What is the remainder when 22 is divided by 5/15*(20 - l)?
4
Suppose 0 = 2*n + 3*y - 28, 8 = 3*n + y - 5*y. What is the remainder when 10 is divided by n?
2
Suppose 6 = -4*c + 58. Suppose v + 1 + 1 = -2*q, 2*q = -5*v + 30. What is the remainder when c is divided by v?
5
Suppose 2 = -o + 4*h, -2*o - 3*h + 68 = 2*o. Suppose o = r + r. What is the remainder when 12 is divided by r?
5
Suppose -30*y = -25*y - 65. Calculate the remainder when y is divided by 5.
3
Suppose 5*i - 14 = 2*s, 2*s = -3*s + 3*i - 35. Calculate the remainder when (-987)/s*1/3 is divided by 16.
15
Let c(x) = x**2 - 6*x - 6. Let r = 5 + 2. Suppose p - r = 12. What is the remainder when p is divided by c(8)?
9
Let u = 17 + 19. Calculate the remainder when u is divided by 13.
10
What is the remainder when 39 is divided by -4 - ((-25)/1 - -1)?
19
Let k be 7 + 1*(-6 - -3). Let m(n) = 10*n - 3. What is the remainder when m(k) is divided by 4/(-14) + 558/42?
11
Suppose 5*x + 20 = 15*x. Let k = 1 + 0. Calculate the remainder when x is divided by k.
0
Let u(o) = 1 + 9*o - o**2 - 7*o + 7*o**2. Calculate the remainder when u(-2) is divided by 8.
5
Suppose -o = 2*o - 18. Let w(r) = r**2 - r + 4. Calculate the remainder when w(o) is divided by 12.
10
Let f(a) = -a**2 + a + 3. Let n be f(0). Suppose d = n*j, -3*j + 1 = -d + j. Suppose 0 = s + d*s - 76. Calculate the remainder when s is divided by 10.
9
Suppose 40 = -5*w + 135. Calculate the remainder when w is divided by 10.
9
Let a(h) be the third derivative of -h**6/60 + h**5/30 + h**3/3 + h**2. What i